352 (base 6) to base 7.
-3362
What is -391 (base 13) in base 4?
-21301
437 (base 9) to base 15
18d
247 (base 8) to base 11
142
Convert 23 (base 15) to base 13.
27
2212101100 (base 3) to base 8
156134
7516 (base 8) to base 2
111101001110
Convert -2230 (base 4) to base 11.
-147
Convert 111111010001011 (base 2) to base 5.
2014040
What is 14a (base 11) in base 6?
451
Convert -42010 (base 6) to base 8.
-12766
What is 1925 (base 16) in base 7?
24524
Convert 220431 (base 7) to base 16.
96ea
What is -15369 (base 12) in base 15?
-8cc9
Convert -10001000 (base 2) to base 8.
-210
553 (base 8) to base 15
193
Convert -157b (base 12) to base 5.
-40133
Convert 398c (base 15) to base 9.
17756
What is -d0b (base 15) in base 11?
-222a
-20301 (base 4) to base 14
-2c1
-114104 (base 5) to base 11
-3240
What is 529 (base 15) in base 4?
102030
What is -11101100111001 (base 2) in base 11?
-10433
What is -12111102 (base 3) in base 5?
-112012
What is -332211 (base 4) in base 8?
-7645
What is d0 (base 16) in base 15?
dd
-268a (base 13) to base 15
-1982
What is -2661 (base 13) in base 12?
-3213
-25e (base 16) to base 15
-2a6
What is 288b (base 15) in base 13?
3c4a
What is 10010000000111110 (base 2) in base 15?
16ce5
What is 1400 (base 8) in base 16?
300
Convert -4452 (base 8) to base 2.
-100100101010
-1e0 (base 15) to base 4
-12303
-243 (base 13) to base 4
-12021
What is 1301 (base 6) in base 9?
401
What is 2a5 (base 11) in base 13?
216
33224 (base 9) to base 15
6804
Convert 1574 (base 11) to base 5.
31032
What is -1101000011 (base 2) in base 11?
-69a
30746 (base 10) to base 13
10cc1
-1854 (base 11) to base 3
-10020100
Convert e33 (base 15) to base 5.
100243
Convert 1789 (base 11) to base 16.
8e3
What is -a2e (base 16) in base 14?
-d42
Convert 210cc (base 13) to base 8.
164137
-14a2b (base 13) to base 10
-39076
-14520 (base 6) to base 16
-930
1001110001 (base 2) to base 13
391
a84 (base 13) to base 10
1798
-161a (base 11) to base 3
-2211222
What is -39 (base 14) in base 16?
-33
What is -656 (base 12) in base 3?
-1021110
-2302323 (base 4) to base 14
-425d
What is -306610 (base 7) in base 6?
-1044204
What is 111010010010101 (base 2) in base 12?
15331
What is -1001001 (base 2) in base 15?
-4d
What is -1316 (base 7) in base 13?
-2c9
What is 10431 (base 5) in base 4?
23211
122012 (base 3) to base 5
3324
What is 4621 (base 9) in base 5?
102141
200110022 (base 3) to base 7
54140
-69e5 (base 15) to base 16
-57da
1332000 (base 4) to base 9
12050
Convert 101100001000001 (base 2) to base 10.
22593
-a9c (base 13) to base 12
-1077
What is 1226 (base 11) in base 3?
2012022
What is -10c (base 14) in base 11?
-17a
Convert -3311 (base 7) to base 3.
-1121212
Convert 6056 (base 11) to base 2.
1111101101111
What is 31025 (base 6) in base 12?
2475
Convert 5c9 (base 13) to base 5.
13020
Convert -750 (base 9) to base 15.
-2ac
What is 3069 (base 12) in base 3?
21020000
What is 53a7 (base 13) in base 7?
45622
What is -16107 (base 11) in base 7?
-123225
Convert 2250 (base 10) to base 15.
a00
37 (base 10) to base 9
41
-2021202010 (base 3) to base 13
-17646
Convert 5652 (base 14) to base 8.
35170
What is 68 (base 16) in base 9?
125
-152 (base 13) to base 5
-1421
Convert -23022 (base 5) to base 3.
-2020122
3215 (base 9) to base 14
c0b
11113 (base 4) to base 15
17d
-24328 (base 9) to base 11
-11285
11142 (base 8) to base 14
1a02
What is -1154 (base 8) in base 7?
-1544
What is 214 (base 11) in base 2?
100000001
Convert -ec (base 15) to base 3.
-22020
What is 2797 (base 16) in base 8?
23627
2fa (base 16) to base 9
1036
11001110 (base 2) to base 11
178
1100010000 (base 2) to base 9
1061
4051 (base 6) to base 16
37f
What is -bb3 (base 16) in base 10?
-2995
20233 (base 4) to base 5
4214
Convert 120220 (base 4) to base 10.
1576
Convert -23111 (base 5) to base 6.
-11400
Convert -28865 (base 10) to base 5.
-1410430
Convert 36 (base 14) to base 8.
60
76756 (base 8) to base 16
7dee
What is 11311 (base 4) in base 13?
229
Convert 414114 (base 5) to base 9.
20656
What is 544a (base 14) in base 5?
431240
Convert -21011 (base 3) to base 14.
-db
Convert -72104 (base 8) to base 2.
-111010001000100
-4682 (base 9) to base 2
-110110010100
Convert 6145 (base 9) to base 15.
14eb
317 (base 10) to base 15
162
a1dd (base 14) to base 12
14133
What is -213033 (base 4) in base 8?
-4717
Convert 125112 (base 7) to base 10.
23382
Convert 627 (base 10) to base 15.
2bc
2261 (base 11) to base 13
1477
-20030013 (base 4) to base 10
-33543
-e54 (base 16) to base 13
-1892
What is -775 (base 10) in base 5?
-11100
What is -3140331 (base 5) in base 8?
-146557
-15532 (base 6) to base 15
-b6b
Convert -101110111 (base 2) to base 4.
-11313
What is -2068 (base 9) in base 11?
-1162
Convert 102201 (base 8) to base 16.
8481
-c76 (base 14) to base 12
-1508
-10000101100110 (base 2) to base 5
-233200
What is 2462 (base 12) in base 14?
16d4
Convert -223140 (base 5) to base 13.
-37b3
23102 (base 4) to base 9
882
What is -10000101011 (base 2) in base 15?
-4b2
-33733 (base 8) to base 13
-667c
319 (base 15) to base 2
1010111011
1538 (base 11) to base 6
13053
30200 (base 4) to base 14
412
Convert -8d1 (base 16) to base 15.
-a07
Convert 4123 (base 9) to base 3.
11010210
What is 498 (base 15) in base 14?
547
Convert -a11 (base 11) to base 12.
-85a
-146 (base 9) to base 8
-173
What is -ac (base 16) in base 8?
-254
2275 (base 10) to base 2
100011100011
3485 (base 14) to base 12
5351
What is -1011010101001 (base 2) in base 15?
-1abb
8265 (base 9) to base 16
17a5
What is -1b28 (base 12) in base 11?
-2570
What is -21400 (base 10) in base 6?
-243024
What is -15146 (base 7) in base 8?
-10147
What is cc06 (base 13) in base 6?
335250
101220 (base 3) to base 14
170
What is 421114 (base 5) in base 3?
201002011
Convert 1 (base 9) to base 4.
1
5841 (base 12) to base 9
14444
-228 (base 14) to base 12
-2b8
Convert 607 (base 10) to base 8.
1137
2302 (base 8) to base 9
1603
-d47 (base 16) to base 11
-2610
What is -2695 (base 12) in base 15?
-14a8
-3508 (base 15) to base 10
-11258
Convert -68540 (base 9) to base 2.
-1011001001000111
What is -1301211 (base 5) in base 3?
-1021112122
What is -10332 (base 4) in base 13?
-1b6
Convert 275a (base 13) to base 15.
1a1c
-15d6 (base 14) to base 8
-7510
Convert 0 (base 2) to base 15.
0
What is fbf (base 16) in base 8?
7677
What is 201210 (base 4) in base 16?
864
6745 (base 14) to base 11
124a0
What is 1111421 (base 6) in base 11?
39171
Convert -30880 (base 9) to base 3.
-1000222200
What is 1011001111101 (base 2) in base 16?
167d
Convert -24042 (base 5) to base 13.
-a64
1121011 (base 3) to base 9
1534
Convert 305 (base 9) to base 8.
370
What is 115421 (base 6) in base 3?
112010211
What is -14124 (base 6) in base 12?
-1344
Convert -15596 (base 13) to base 12.
-1b542
Convert -4003 (base 5) to base 9.
-618
3772 (base 9) to base 3
10212102
Convert -31 (base 13) to base 8.
-50
Convert 8a8c (base 13) to base 11.
13620
52612 (base 8) to base 7
120562
-546 (base 9) to base 6
-2023
3122313 (base 5) to base 4
30211333
Convert -1973 (base 11) to base 13.
-11a4
What is 8478 (base 13) in base 14?
698b
Convert 47b1 (base 16) to base 15.
5688
-33958 (base 11) to base 14
-13c4c
Convert -726 (base 13) to base 10.
-1215
-121320 (base 4) to base 2
-11001111000
What is 1908 (base 13) in base 10?
3726
Convert -1010001 (base 3) to base 8.
-1453
10332 (base 5) to base 4
23031
Convert -1035 (base 14) to base 2.
-101011100111
1002101112 (base 3) to base 8
51661
19c (base 14) to base 11
284
Convert -106b (base 14) to base 9.
-3804
-102156 (base 7) to base 9
-26106
Convert -3552 (base 8) to base 3.
-2121022
-543 (base 8) to base 9
-434
What is -11222 (base 5) in base 7?
-2240
-2210002202 (base 3) to base 4
-31113131
Convert -42498 (base 11) to base 14.
-18757
44426 (base 7) to base 15
34b2
What is -1101110100 (base 2) in base 9?
-1182
Convert -1010312 (base 4) to base 3.
-20001012
-13c3 (base 13) to base 4
-230233
What is 2432 (base 10) in base 7?
10043
What is -1111001100000 (base 2) in base 11?
-592a
What is 1101011111 (base 2) in base 14?
459
What is 625 (base 10) in base 5?
10000
What is 107474 (base 8) in base 13?
138c8
Convert 204 (base 15) to base 10.
454
Convert -705 (base 9) to base 12.
-3b8
What is -31 (base 15) in base 6?
-114
What is 978 (base 10) in